et f(y) = -3*y**2 + n*y**2 + 6*y + 7 - 4*y + y. Calculate f(6).
-11
Let n(r) = 11*r + 1. Let a(h) = 3*h. Let m(j) = 4*a(j) - n(j). Determine m(-8).
-9
Let j be 0/(-2 + (-1 - -1)). Suppose j = -x + 2*x - 10. Suppose 0 = o + x - 16. Let b(v) = -2*v + 8. Calculate b(o).
-4
Let b(q) = q**2 + 8*q + 3. Let p(s) = -s**3 - 3*s**2 + 11*s + 19. Let m be p(-2). Calculate b(m).
-4
Suppose -5*m + 10*m = 35. Let q(b) = -b**3 + 7*b**2 - b + 9. Let y be q(m). Let u(h) = -6 + 4*h + 7 - 2*h + y*h**2 + 6*h**2. Give u(-1).
7
Let l(b) be the third derivative of -b**4/12 + 2*b**3 - 211*b**2. Give l(0).
12
Let i(n) be the first derivative of n**3 + n**2 + 98. What is i(2)?
16
Let r(k) = -27*k**3 - 2*k**2 + k + 2. Suppose 0 = -4*z + 4 - 0, 2*z - 4 = 2*m. Give r(m).
26
Suppose 0*h + 2*g - 2 = h, 3*h = -5*g + 5. Let c(s) = -s + 6. Let w(d) = -4*d + 19. Suppose 6 = -o + 8. Let v(i) = o*w(i) - 7*c(i). Calculate v(h).
-4
Let a(u) = 4*u - 1186 + 0*u - u**3 + 1181 + 8*u**2. Determine a(8).
27
Let c(m) = -m**2 - 3*m - 6. Suppose 0 = 20*a - 21*a - 7. What is c(a)?
-34
Let s(g) be the first derivative of g**3/3 - 3*g**2/2 - 1197. Let r(i) = -i**2 + 4. Let j be r(0). Determine s(j).
4
Let b = 27 + -27. Let q(r) = 4 + 2*r + b*r**2 + 0*r**2 - r**2. Suppose 2 = 2*t + 8. Determine q(t).
-11
Let c(g) = 4*g**2 - 7*g - 6. Let i(j) = 7*j**2 - 14*j - 13. Let l(d) = -5*c(d) + 3*i(d). Give l(9).
9
Let s(v) be the third derivative of v**4/3 + 5*v**3/6 + v**2 - 26. Give s(4).
37
Let c(u) = 2*u + 9. Suppose r - 3 = 4*w + 7, 5*r + 5*w = 25. Suppose -r*x - 12 = -8*x. Let m(v) = v + 4. Let g(b) = x*c(b) - 13*m(b). Give g(6).
-4
Let y = -26 - -33. Let u(f) = 7 - 5 - 6*f + f**2 - 3 - f. Give u(y).
-1
Let u(v) = -v**2 + 16*v + 4. Let k(b) = b**2 - 14*b - 3. Let o(r) = 7*k(r) + 6*u(r). Calculate o(2).
3
Let d(y) = y**2 + y - 3. Let k(a) = -6*a**2 - 26*a + 24. Let b(v) = -4*d(v) - k(v). Determine b(-11).
-12
Let b(a) be the third derivative of -a**5/12 + a**3/3 + a**2. Suppose 2*m = -2*m + 4*p - 16, -5*m + 3*p = 16. Calculate b(m).
-18
Let x(o) be the third derivative of o**4/24 - 4*o**3/3 - 13*o**2. Suppose -46 = -5*t - 6. Suppose k - t = -k. Determine x(k).
-4
Let m(r) = r**3 - r**2 - 2*r - 5. Let w(k) = -k - 2. Let u = 9 - 14. Let b(o) = u*w(o) + 2*m(o). What is b(1)?
1
Let m(s) be the second derivative of 1/6*s**4 - 2*s**2 + 2 + 1/2*s**3 + 20*s - 1/20*s**5. Let f = 6 + -3. Calculate m(f).
-4
Let x(k) = -k**3 + 6*k**2 + 8*k + 14. Let a(c) = -c**3 - 33*c**2 - 34*c - 57. Let t be a(-32). Calculate x(t).
21
Let r be (-75)/(-1)*(-18)/135*3. Let p be 60/(-9) - 20/r. Let x(z) = -z**2 - 5*z + 7. What is x(p)?
1
Let q(c) = -c**3 + 3*c**2 - c + 7. Let m be q(3). Suppose -3*g = m - 10. Let r(a) = -2*a**2 - g*a + 0*a**2 + 4*a**2 - 4 + 4*a. Determine r(-3).
8
Let p be (2 + 25/(-10))*-36. Suppose -16*w = -p*w - 10. Let h(b) = -b**2 - 4*b + 3. Determine h(w).
-2
Let z(y) = -41 + 41 + y. Let h be (-26)/(-117) + (-58)/18. Calculate z(h).
-3
Let o(r) = 5*r + 6 + 4 - 6*r. Let w be 23 - 9 - (2 - (2 - -4)). Suppose 0 = -2*k + w - 4. What is o(k)?
3
Let d(l) be the second derivative of -l**4/12 + l**3/6 + l**2 - 430*l. What is d(-1)?
0
Let p(i) be the first derivative of -i**2 - 42*i - 46. What is p(-21)?
0
Let t(m) = 3*m**2 - m - 2. Let d be t(4). Let z be d/105 - 6/(-10). Let c(b) = 8*b**3 - 2*b**2 + b. Give c(z).
7
Let s(a) = -a**2 - 5*a - 5. Let n = 42 - 17. Suppose -7*d - n = -3*d - 5*h, -5*h + 20 = -3*d. Calculate s(d).
-5
Let h(l) = -23*l + 46*l + 1359*l**3 - 13*l**2 - 1358*l**3 - 9. What is h(11)?
2
Let p(v) = 277*v - 3 - 146*v - 133*v. Give p(-10).
17
Let i = -31 + 40. Let q(s) = -i*s + 3 + 0 + 12*s. Let w be (0 - -1) + 4*-1. Calculate q(w).
-6
Let v(c) = -4*c**2 - c. Suppose -y = 4*b - 272, -3*b + 164 + 31 = 3*y. Let d(m) = 59 + 3*m + 9*m - b - m**2. Let q be d(11). Determine v(q).
-5
Let z(x) = -x. Let i = -4 + 5. Let p be z(i). Let m(b) = 6*b. Let s(q) = -5*q. Let f(g) = -6*m(g) - 7*s(g). Give f(p).
1
Let m(d) = -4 - 2*d - 3 + 6. Suppose -9*v - 2228 = -2264. Calculate m(v).
-9
Let f(v) be the second derivative of -v**6/240 + v**5/60 - 5*v**4/4 + 9*v. Let u(o) be the third derivative of f(o). Give u(5).
-13
Let s = -6 - -18. Suppose 2*b = -0*b + s. Let y(n) = b*n + 0*n - n. Calculate y(2).
10
Let s(h) = -h**3 + 17*h**2 + 20*h - 26. Let z = 207 + -189. What is s(z)?
10
Let v(a) = a**2 + a - 5. Let w = 143 + -147. Give v(w).
7
Let s(u) = 11*u**3 + 1. Suppose 2*f + 3*t + 42 = -3*f, -f - 2 = -t. Let y = f - 11. Let q = -18 - y. Determine s(q).
-10
Let n(k) = -k**2 - 13*k - 9. Let t be n(-11). Let j(q) = -q**3 + 14*q**2 - 12*q - 12. Let o be j(t). Let z(l) = -3*l**2 - 3*l**2 + 4*l**2 - o. Determine z(-2).
-9
Let h(d) be the third derivative of 10*d**2 + 0 - 1/12*d**4 + 0*d + 1/3*d**3. Suppose -11 = -5*r - 1. Give h(r).
-2
Let s(z) = z**3 - 7*z**2 - z + 7. Let q(l) = -1. Let c(r) = -2*r + 6. Let x(f) = -c(f) - 5*q(f). Let w be x(4). Give s(w).
0
Let u(i) = -i**2 + i + 1. Suppose 2*m = -d + 16, -126 = 4*d - 5*m - 125. Suppose 0 = -2*f + 4*f - 28. Suppose f = d*c + c. Give u(c).
-1
Let l(q) = q**3 - 2*q**2 + 2*q + 2. Let k(u) = -4*u**3 + 17*u**2 + 2*u - 1. Let n(o) = k(o) + 5*l(o). Give n(-5).
-1
Suppose 2*o = o + 3, 6 = -3*z + 3*o. Let y(d) = -5*d + 2. Calculate y(z).
-3
Let a be 1/(-2)*(-36)/6. Let f(v) = 2*v**3 - 5*v**2 - 3*v - 1. Let c(j) = 5*j**3 - 11*j**2 - 7*j - 1. Let l(m) = a*c(m) - 7*f(m). Calculate l(-3).
-5
Let i(y) = -y**3 - 7*y**2 - 5*y + 2. Let a be (-32)/6 + (-21)/(-63). Let v be -3 + a/(-5) - 4. Determine i(v).
-4
Let j(n) be the third derivative of 0 - 7/6*n**3 - 1/10*n**5 + 1/120*n**6 + 1/24*n**4 - 16*n**2 + 0*n. Give j(6).
-1
Let y(z) = -2*z**3 + z**2 - 1. Let f(x) = -x + 4. Let o be f(0). Let j(d) = 5*d**2 + d**3 - 3 + 3*d - o*d**2 - 4*d**2. Let m be j(2). Give y(m).
2
Let o = -262 - -259. Let f = 2 - -4. Let p(s) = -3*s + 12*s + 2 - f*s. Calculate p(o).
-7
Let c(m) be the first derivative of -2*m**2 + m - 26. Give c(4).
-15
Let c(g) = -3 + 0 - 4 + g**2 + 3 - 6*g. Determine c(7).
3
Let b(k) = 41*k - 40*k - 50 + 52. Determine b(-5).
-3
Let h(z) = z**3 - 3*z**2 - 4*z - 4. Let u be -33 + 0/(-2) + 3. Let b be 36/(-30)*u/9. Give h(b).
-4
Let z(y) = y**2 - 5*y - 13. Let f be z(12). Let l = 64 - f. Let q(a) be the second derivative of a**5/20 + 2*a**4/3 + 4*a**3/3 + a**2 + a. Calculate q(l).
-5
Let w(g) = -g**2 - 6*g - 2. Let k(h) = h**3 + 5*h**2 - 9*h - 4. Let n(r) = -2*r + 6. Let y be n(6). Let j be k(y). Suppose -4*l = j + 6. Determine w(l).
3
Let c(q) be the second derivative of q**4/12 + q**3/6 - 2*q**2 - 90*q + 2. Suppose 6 - 15 = 3*i. Determine c(i).
2
Suppose 0 = -4*r - 1 - 7. Let v(b) = 8 - 2*b - 3*b**2 + 5 - 10 - 2*b - 6. Determine v(r).
-7
Let u(k) = 106*k + 106*k**2 + 3*k**3 - 8 - 107*k - 4*k**3 - 106*k**2. Suppose -z + 6*z = 0. Give u(z).
-8
Let i(q) be the third derivative of q**4/4 + q**3 + 44*q**2 - 3. What is i(-3)?
-12
Suppose 2*l = 3*i, -i - 3*l - 2*l = 17. Let n be ((-6)/i)/((-15)/(-10)). Let b(z) = 3*z - 1. Determine b(n).
5
Let b be (-4 - 102/(-27)) + 237/(-27). Let g(m) = -m**3 - 10*m**2 - 12*m - 8. Calculate g(b).
19
Let k(y) be the first derivative of -y**4/4 + 7*y**3/3 - 9*y**2/2 + 12*y - 344. Give k(5).
17
Let g be (72/(-30))/((-144)/(-20) - 8). Let i(o) = -5*o + 3. Give i(g).
-12
Let q(t) = t**3 + 8*t**2 - 9*t - 6. Let c = -25 + 16. Calculate q(c).
-6
Let c(j) = 14*j - 4. Let t = 2396 - 2396. What is c(t)?
-4
Let k(n) = 10 + 2*n + 4*n**2 - 11*n - 9*n**2 - 11*n**2. Let p(h) = -3*h**2 - 2*h + 2. Let v(q) = 2*k(q) - 11*p(q). Determine v(-5).
3
Let r(q) = 10*q - 17. Let o(x) = -10*x + 14. Let g(c) = 5*o(c) + 4*r(c). Determine g(2).
-18
Let s(y) = -y**2 - 6*y + 2. Let j(x) = -4*x + 30. Let a be j(7). Suppose 3*u + 3*i = -30, -5*u + a*i + 0*i = 22. What is s(u)?
2
Let y be (-3)/(1*12/(-8)). Suppose -5*t + y = -4*t. Let a(g) = -g**3 + 3*g - 2. Calculate a(t).
-4
Let x(p) = -21*p**2 + 11*p. Let h(w) = -14*w**2 + 7*w. Let l(y) = 8*h(y) - 5*x(y). Suppose -n + 5 + 2 = 0. Suppose -n*v - 5 = -2*v. Calculate l(v).
-8
Let o(h) be the second derivative of h**4/12 + 7*h**3/6 - 5*h**2/2 - 2*h. Suppose -73*u - 16 = -71*u. Determine o(u).
3
Let o be 2/(-8) + (-23)/4. Let r(s) = -s + 3. What is r(o)?
9
Suppose -2*c + c = 5. Let b(n) = 5*n**3 - 12*n**2 - 6*n - 6. Let d(v) = 8*v**3 - 22*v**